
Let z(l) = -61*l - 21. Let x(g) = -g**3 - 4*g**2 - 4*g - 3. Let t be x(-3). Suppose t = -4*n - 5*n - 36. Is z(n) composite?
False
Suppose -4*h + 5*x + 912 = -6788, -3*h = -3*x - 5778. Suppose 0*m - h = 2*m. Let g = -354 - m. Is g prime?
False
Suppose 2*y = -0*y + n - 27881, 0 = -3*y + 3*n - 41823. Let r = y + 35471. Is r a prime number?
False
Suppose -4*k + 2*x = -95674 + 4512, 68394 = 3*k + 3*x. Is k composite?
True
Suppose m - 153 = -2*w - 670, m + 521 = -3*w. Suppose 4*r - 416 = -2*k + 3*k, 4*r - 416 = 5*k. Let g = r - m. Is g a composite number?
False
Let x be (10/(-70))/(1/7). Is (-23512)/(-8) + (x - 5) a prime number?
False
Suppose 15*j + 15 = 150. Suppose j*v = 17*v - 198088. Is v a composite number?
True
Let w be 4468961/28 - 3/(-12). Suppose 0 = 2*v + 4*j - 79778, 4*v = 11*j - 9*j + w. Is v a prime number?
False
Let d(r) = 54*r**2 - 3*r - 16. Let o be 2*3 - (16 + -13). Suppose -3*f = -2*l + 22, -7 = -o*l - f - f. Is d(l) a prime number?
True
Suppose 3*l + s = 1, 4*l + s = 5*l - 7. Suppose 0 = l*a - 5*j - 3973, -5977 = 2*a - 5*a + 4*j. Let y = 4842 - a. Is y composite?
False
Suppose 9*x - 104485 = 10634. Is x a prime number?
True
Let i = 47762 - 25381. Is i a prime number?
True
Let x = 82533 - -31726. Is x prime?
True
Let y be -2 + 21/15 - 26/(-10). Let l be 2/(-11) + (-35)/(-11) + y. Suppose -4*d + 1628 + 4316 = 4*k, -d = -l. Is k a prime number?
True
Suppose 5*v + 16 + 0 = -4*d, 5*v + d = -19. Is ((-2)/v)/(((-65)/(-15430))/13) prime?
True
Let m(s) = 994*s**2 + 127*s - 2507. Is m(20) composite?
False
Suppose -6*t - 125 = -11*t. Let p be (-492)/15 + (-5)/t. Let g = p - -304. Is g composite?
False
Suppose -p - 11 + 85 = 0. Let m = p - -303. Let q = m + -258. Is q composite?
True
Suppose -6606903 = -6*v - 2190105. Is v composite?
True
Let c = 81529 - 48830. Is c prime?
False
Suppose -72540850 = -1893*m + 1843*m. Is m composite?
True
Let r(f) = -f**3 - 2*f**2 + 9*f + 49. Suppose -48 = -33*a + 39*a. Is r(a) a composite number?
True
Suppose 0 = 32*i - 30*i - 2152. Is i/(-1)*(8 + 153/(-18)) a composite number?
True
Suppose -3*u = 5*z - 159500, 2*z + 8*u = 11*u + 63779. Suppose 0 = 7*v + z - 90830. Is v prime?
True
Is (5/(-5))/((-43)/6766609) a prime number?
True
Suppose 1739118 = 81*f - 529125. Is f prime?
False
Let w(t) be the first derivative of t**4/4 - 16*t**3/3 - 7*t**2/2 + 10*t + 24. Let g be w(18). Let o = -341 + g. Is o a prime number?
True
Suppose -46883643 = -324*j + 111*j. Is j a prime number?
False
Let m(g) = 2612*g**2 - 12*g - 1. Suppose 7 = 3*v + 5*x - 4, 19 = -5*v + x. Is m(v) a prime number?
False
Suppose 0 = p + 4*l - 132881, 2*p + 4*l - 182740 - 83030 = 0. Is p a prime number?
False
Let v(t) = 378740*t + 3497. Is v(6) a prime number?
True
Let s(a) be the first derivative of -281*a**2/2 - 36*a - 213. Suppose k = -5*x - 3*k - 39, 0 = -2*k - 2. Is s(x) a prime number?
True
Is (-3538062)/(-54) + (-16)/36*6/4 composite?
False
Let y be (17/34)/((-2)/(-36944)). Let v = y - 3939. Is v a prime number?
True
Suppose -6*n = -5*d - 2*n - 31625, 4*n = -2*d - 12678. Let v be 310008/(-27) - 2/9. Let b = d - v. Is b a prime number?
True
Suppose 2*u - 8*u = -30. Let b be u*(-1 + 63 - 1). Suppose -16*f - b = -17*f. Is f a prime number?
False
Let u(m) be the first derivative of 119*m**4/2 - m**3/3 - m**2 + 2*m - 1. Suppose 0 = 5*l + n - 3*n - 5, 0 = -3*n. Is u(l) a prime number?
False
Let r = 59 + -59. Suppose r = -3*y - 7*y - 60. Is 1/(-2) + (-3345)/y prime?
True
Let l = 6 - 3. Suppose 88 = -l*q + 1093. Suppose -5*f + q = -410. Is f a prime number?
True
Suppose -14 = z - 5*j, -z + 8*j - 12*j + 13 = 0. Let v(r) = -195*r - 6. Let f(l) = l - 1. Let m(a) = 4*f(a) - v(a). Is m(z) composite?
True
Let b = 104392 - 51171. Is b a composite number?
True
Suppose -9003 = -4*h + 5*v + 293920, 5*h = v + 378638. Is h a prime number?
False
Suppose 0 = 5*q - 3*q - 52. Suppose q*w - 68 = 25*w. Suppose -5*n + w = -827. Is n a prime number?
True
Suppose -15 = 3*j, 4*x - 12428 = 5*j + 146005. Is x a composite number?
True
Suppose -31*l = -23438336 + 7378693. Is l a prime number?
False
Suppose -2*c - 1801060 = -4*b, 2*b - 3*c + 5*c - 900536 = 0. Is b a prime number?
False
Suppose 5*w + 5*u - 20 = 0, 4*w = 8*w - 4*u. Let c(b) = b - 2. Let l be c(w). Suppose l = 4*a + q - 10608, 0*a - 3*q + 2641 = a. Is a prime?
False
Let m(p) = -p**3 + 2*p**2 + 7*p. Let b be m(3). Suppose 0*d - d = -5*g + 60, 0 = 5*d. Is 5379/g - (-9)/b a prime number?
True
Let s(o) = 3*o**2 - 41*o - 58. Let y be s(15). Is (y + -1)*(-1 - -294) a composite number?
False
Let a = 4603 + 6174. Is a composite?
True
Let y be 7*((-3)/(-21))/((-1)/(-2)). Suppose 4*k = -2*f + 37982, 2*k - 12 = -y*k. Is f a composite number?
True
Let o(a) = 487*a + 176. Let b be o(8). Let h = 8493 - b. Is h prime?
True
Let h(v) = -v**2 + 34*v + 5. Let s be h(34). Let o(j) = 89*j + 16. Let b(c) = -c - 1. Let y(m) = 2*b(m) + o(m). Is y(s) prime?
True
Is (-16)/40 + 5/25*740467 a composite number?
True
Let n(m) = m**3 + m**2 + 3*m + 3222. Let d be n(0). Suppose 26916 = 3*k + 3*c, -2*k = c - 14727 - d. Is k a composite number?
True
Let f be (148/(-12))/(-1)*3. Let o = f - 10. Let n(t) = -t**3 + 29*t**2 - 35*t - 8. Is n(o) a prime number?
False
Let i be (40/(-12))/((-2)/33). Suppose -59 = -2*l - i. Is 2 + (-9)/3 + (l - -5322) composite?
False
Let m = 25569 - 9740. Is m a composite number?
True
Is 1/(-3)*(-165 - 37998) a prime number?
True
Suppose -29*s + 2103226 = 15*s + 438222. Is s a composite number?
True
Is (2784829/632)/(3/24) a prime number?
True
Let i(p) = -p**3 + 8*p**2 - p + 11. Let g be i(8). Let w be (-44961)/28*(-8)/g. Suppose -6*n - 364 = -w. Is n composite?
False
Let j = 34 + -32. Suppose -j*x = 4*m - 2514, -2*m - 2 = -12. Is x prime?
False
Let l(o) = 280*o**2 + 5*o + 21. Let w be l(-5). Let y = w + -3554. Suppose 8*q - 2518 = y. Is q prime?
False
Suppose -6*d = -d + 10. Let k be (-8 + 8)*2/d. Suppose -4*o = -g - 5599, -2*o + 7*o + 4*g - 6983 = k. Is o a composite number?
False
Suppose -557 = -8*r + 2347. Let b = -332 + r. Is b a prime number?
True
Let k = -744 + 687. Is 173318/k*3/(-2) composite?
False
Suppose -2*r = 3*s - 1147195, -836*s + 834*s + 764802 = 4*r. Is s prime?
False
Suppose 2 = 2*m - 4*n, -2*m + 0*n + 7 = -3*n. Is 2/4*(7371 + m) composite?
False
Let y = 561 - 536. Is ((-747205)/(-4))/(y/20) composite?
False
Let d = -13043 - -30066. Is d a prime number?
False
Let b(m) = 61*m + 1. Let s be b(1). Let k = -37 - -31. Is ((-99)/k + 10/(-5))*s composite?
True
Let d = -11 - -15. Let p(j) = 9*j - 26. Let z be p(d). Suppose -1639 = -r - z*r. Is r composite?
False
Suppose -215 = 3*j - 5*u, 3*u + 18 = -4*j - 288. Is (1636/(-6))/(25/j) a prime number?
False
Suppose -4*h - 4*v = -14432, 26*h = 27*h + 4*v - 3611. Is h a composite number?
False
Suppose 5*c - 868055 = 2*v, -2*c - 24199 = 2*v - 371407. Is c prime?
False
Suppose 0 = -105*p - 30*p + 44324145. Is p a prime number?
True
Suppose -15*k = -21*k + 6. Suppose 0 = b - k, 10*d - 6*d - b - 19 = 0. Suppose d*w = 3*u - 147 - 995, -4*u - 5*w + 1581 = 0. Is u a prime number?
True
Let h(v) = -34427*v - 332. Is h(-5) composite?
False
Let q = -1276705 + 2018484. Is q a prime number?
False
Let t = 4 - 0. Suppose -5*u + 5*g = 99 - 124, 2*g = 0. Suppose u*y - 421 = -2*s, -y + 882 = t*s + y. Is s prime?
True
Let b(y) = 111*y**2 + 699*y - 13. Is b(-18) prime?
True
Suppose -2713786 - 583159 = -19*x - 182826. Is x a prime number?
True
Suppose 0 = -3*g - 2*b + 54787, g - 18265 = -4*b + 2*b. Suppose -3*f - 4980 = -g. Suppose -2*v = -3*w - f, v - 5*w - 2210 = -0*v. Is v composite?
True
Let c(k) be the second derivative of -k**5/20 + k**4/3 + k**3/6 - 7*k. Let f be c(4). Is f*2721*1/12 a prime number?
True
Let n(s) = -38460*s - 243. Is n(-1) prime?
False
Let f = -19266 + 7141. Let t = f - -20404. Is t a composite number?
True
Suppose c + 12 - 18 = 0. Suppose 2*u - 5*s - c = 5, s - 5 = 4*u. Let x(y) = -207*y**3 + y**2 + 4*y + 3. Is x(u) prime?
False
Let m = 522 + -512. Suppose m*g + 3*u = 6*g + 14396, -7184 = -2*g - 5*u. Is g a composite number?
True
Let y = 2399 - 1267. Let i = -272 - y. Let z = i + 2183. Is z a prime number?
False
Suppose 0 = -2*h + 2*s, 0 = -h + 4*s - 5*s - 10. Is (4 - 1) + (-11200)/(h + -5) prime?
True
Let l = -13952 + 19635. Is l a prime number?
True
Let f